{"id":92,"date":"2014-05-31T13:06:21","date_gmt":"2014-05-31T13:06:21","guid":{"rendered":"http:\/\/demo.themegrill.com\/accelerate\/?page_id=92"},"modified":"2021-09-22T15:34:40","modified_gmt":"2021-09-22T18:34:40","slug":"knorr-lanca-linha-de-feijoes-premium","status":"publish","type":"page","link":"https:\/\/chiabai.com.br\/index.php\/knorr-lanca-linha-de-feijoes-premium\/","title":{"rendered":"KNORR lan\u00e7a linha de feij\u00f5es Premium"},"content":{"rendered":"\n<div class=\"wp-block-media-text alignwide is-stacked-on-mobile is-vertically-aligned-top\" style=\"grid-template-columns:30% auto\"><figure class=\"wp-block-media-text__media\"><img loading=\"lazy\" decoding=\"async\" width=\"640\" height=\"425\" src=\"https:\/\/chiabai.com.br\/wp-content\/uploads\/2021\/09\/knnor.jpg\" alt=\"\" class=\"wp-image-347 size-full\" srcset=\"https:\/\/chiabai.com.br\/wp-content\/uploads\/2021\/09\/knnor.jpg 640w, https:\/\/chiabai.com.br\/wp-content\/uploads\/2021\/09\/knnor-300x199.jpg 300w\" sizes=\"auto, (max-width: 640px) 100vw, 640px\" \/><\/figure><div class=\"wp-block-media-text__content\">\n<p>A KNORR, marca da Unilever, acaba de lan\u00e7ar uma linha de feij\u00f5es Premium nas variedades Carioca, Preto e Fradinho.<\/p>\n\n\n\n<p>Selecionados criteriosamente desde a origem at\u00e9 o seu empacotamento, os feij\u00f5es combinam os melhores gr\u00e3os, uniformemente escolhidos, dentro das mais r\u00edgidas pr\u00e1ticas de plantio, colheita e beneficiamento.<\/p>\n\n\n\n<p>O resultado s\u00e3o gr\u00e3os frescos, claros, uniformes, no tamanho ideal, ricos em sabor, macios por igual, inteiros e que conferem um caldo claro, cremoso, al\u00e9m de um menor tempo de cozimento.<\/p>\n\n\n\n<p>A BR Brands foi a empresa licenciada pela Unilever, detentora da marca KNORR, para inicialmente beneficiar, comercializar, distribuir e promover a nova linha de feij\u00f5es<\/p>\n\n\n\n<p>Como explica o CEO da BR Brands, Paulo Bonif\u00e1cio, o parque industrial, localizado em Tatu\u00ed (SP), passou por um rigoroso processo de certifica\u00e7\u00e3o em n\u00edveis internacionais. &#8220;Tudo para assegurar qualidade aos rigorosos padr\u00f5es da KNORR\/Unilever, que zela pela excel\u00eancia corporativa voltada para Seguran\u00e7a, Sa\u00fade e Meio Ambiente&#8221;, diz.<\/p>\n\n\n\n<p>O diretor comercial da empresa, Pablo Rossi, complementa: &#8220;A BR Brands tem como compromisso acelerar o Sell-Out dos nossos clientes, por meio de processos a a\u00e7\u00f5es de trade marketing especificas e customizadas, com equipes de merchandising com foco na excel\u00eancia de execu\u00e7\u00e3o na g\u00f4ndola prim\u00e1ria, al\u00e9m de exposi\u00e7\u00f5es adicionais em pontos de alto giro&#8221;.<\/p>\n\n\n\n<p>De acordo com Rossi, a nova linha de feij\u00f5es Premium KNORR em breve poder\u00e1 ser encontrada em todo territ\u00f3rio nacional iniciando por SP, RJ, MG, DF, GO e SC.<\/p>\n<\/div><\/div>\n","protected":false},"excerpt":{"rendered":"<p>A KNORR, marca da Unilever, acaba de lan\u00e7ar uma linha de feij\u00f5es Premium nas variedades Carioca, Preto e Fradinho. Selecionados criteriosamente desde a origem at\u00e9 o seu empacotamento, os feij\u00f5es combinam os melhores gr\u00e3os, uniformemente escolhidos, dentro das mais r\u00edgidas<\/p>\n","protected":false},"author":1,"featured_media":347,"parent":0,"menu_order":0,"comment_status":"closed","ping_status":"closed","template":"","meta":{"footnotes":""},"class_list":["post-92","page","type-page","status-publish","has-post-thumbnail","hentry"],"_links":{"self":[{"href":"https:\/\/chiabai.com.br\/index.php\/wp-json\/wp\/v2\/pages\/92","targetHints":{"allow":["GET"]}}],"collection":[{"href":"https:\/\/chiabai.com.br\/index.php\/wp-json\/wp\/v2\/pages"}],"about":[{"href":"https:\/\/chiabai.com.br\/index.php\/wp-json\/wp\/v2\/types\/page"}],"author":[{"embeddable":true,"href":"https:\/\/chiabai.com.br\/index.php\/wp-json\/wp\/v2\/users\/1"}],"replies":[{"embeddable":true,"href":"https:\/\/chiabai.com.br\/index.php\/wp-json\/wp\/v2\/comments?post=92"}],"version-history":[{"count":1,"href":"https:\/\/chiabai.com.br\/index.php\/wp-json\/wp\/v2\/pages\/92\/revisions"}],"predecessor-version":[{"id":348,"href":"https:\/\/chiabai.com.br\/index.php\/wp-json\/wp\/v2\/pages\/92\/revisions\/348"}],"wp:featuredmedia":[{"embeddable":true,"href":"https:\/\/chiabai.com.br\/index.php\/wp-json\/wp\/v2\/media\/347"}],"wp:attachment":[{"href":"https:\/\/chiabai.com.br\/index.php\/wp-json\/wp\/v2\/media?parent=92"}],"curies":[{"name":"wp","href":"https:\/\/api.w.org\/{rel}","templated":true}]}}